) = -2*p**2 + 12*p + 27. Suppose b = 4*n - 52, -2*n + 5*b + 34 = 8. Let v be g(n). Let c = v + 274. What is the units digit of c?
9
Let s(o) = 3*o**2 + 2*o + 16. Let a be s(0). Suppose 61 = 3*v + a. What is the tens digit of v?
1
What is the thousands digit of (-567 + 18 + -14)/((-3)/72)?
3
What is the thousands digit of ((-5)/(-2) + -2)/((184/195216)/23)?
2
Let c(f) = -17*f - 16. Let t be c(-7). Suppose 0 = 2*u - 37 - t. Suppose -l - u = -i, -2*l + 7*l + 208 = 3*i. What is the units digit of i?
1
Let z = -10638 - -17454. What is the hundreds digit of z?
8
Let o = -358 - -364. What is the hundreds digit of 18/(o - 107/18)?
3
Let m = 137 + -133. Let s be (179 - (m + -2))/(9/27). Suppose 0 = 4*u - s - 1. What is the hundreds digit of u?
1
Suppose 3*g - 32 = -g. Suppose -5*t + 3245 = -3*d + g*d, -2*d + 1292 = 4*t. What is the hundreds digit of d?
6
Suppose -25*w + 46*w - 569152 = -43*w. What is the hundreds digit of w?
8
Suppose 0 = -f, 0 = 4*m - 2*f - 0*f - 744. Let v = -78 + m. What is the hundreds digit of ((-105)/28)/((-3)/v)?
1
Let f be 3 - (-3)/(-12)*20. What is the units digit of (-25636)/170*5/f?
7
Suppose -41121 = 170*c - 173*c + 3*g, 2*c = 5*g + 27426. What is the tens digit of c?
0
Let l = -1450 + 2104. Let m = 1339 - l. What is the tens digit of m?
8
Let g = 39 - 29. Let h be ((-6)/(-5))/(3/g). Suppose -h*a + 4*r + 184 = 0, -r + 74 = 3*a - 80. What is the tens digit of a?
5
What is the hundreds digit of (130/195)/(4/26298) + 8?
3
Let s(u) = -82*u - 63. Let m(n) = n**2 + 28*n + 186. Let d be m(-15). What is the tens digit of s(d)?
7
Suppose 0 = -129*b + 97*b + 1262816. What is the thousands digit of b?
9
Suppose 295*h - 2419555 = 1307262 - 664422. What is the units digit of h?
1
Let h = -18407 + 18408. Let w(k) be the third derivative of 101*k**6/60 + k**5/30 - k**4/12 + k**2. What is the units digit of w(h)?
2
Let p be (0 - (1 - 1)) + 0. Let a(o) = -2*o + 2. Let b be a(p). Suppose -4*j + 5*z = -274 - 8, b*z + 69 = j. What is the units digit of j?
3
Let c be 1/(2/(-12)*(-2 - 1)). Suppose u + 1478 = 3*l, l + l = c*u + 984. What is the units digit of l?
3
Let n(x) = 90*x - 12. Let p(i) = -i**3 - 10*i**2 - 4*i - 38. Let f be p(-10). What is the hundreds digit of n(f)?
1
Suppose 3*a = 5*v - 285656, 407*v - a + 228501 = 411*v. What is the units digit of v?
7
Let o(p) = -5*p**3 - 14*p**2 + 53*p + 128. What is the tens digit of o(-6)?
8
Suppose 4*h + 234 = -1018. Let f = 581 + h. What is the tens digit of f?
6
Suppose w - 7467 - 1137 = 5*r, -8 = 4*r. What is the units digit of w?
4
Let a(u) = -5*u**2 + 121*u + 10. Let m be a(12). Suppose 5*l - 6448 = m. What is the units digit of l?
8
Let s(c) = 53 + 8 - 4 + 6*c. What is the hundreds digit of s(19)?
1
Let y(g) = 18*g**2 - 7*g + 2. Suppose 5*m + 30 = 65. What is the units digit of y(m)?
5
Let p(x) = 4*x**3 - 9*x**2 + 43*x - 374. What is the thousands digit of p(12)?
5
Suppose 0 = -4*o + 15*o. Suppose 4*t + 8 = o, t - 48 = -2*g + 6*t. What is the units digit of g?
9
Suppose 143*b - 12 = 141*b. What is the tens digit of b - ((5 - 11) + -224)?
3
Suppose -2*u - 5*h + 2424 = 343, -2*h - 2116 = -2*u. Suppose 0 = -4*z + 1215 + u. What is the tens digit of z?
6
Suppose -4*r + 1845 = -r - 3*u, -5*u = -3*r + 1837. Let q = r + -368. Let c = q - 171. What is the tens digit of c?
8
Suppose -49*u - 14*u - 19926 = 18*u. Let x be 1 - (82/1 + -1). Let q = x - u. What is the units digit of q?
6
Suppose -2*z - x + 27383 + 47218 = 0, 0 = -z - 5*x + 37287. What is the tens digit of z?
0
Suppose -37*g + 2*l = -44*g + 87659, 2*l + 2 = 0. What is the hundreds digit of g?
5
Let u(h) = -h - 5. Let o be u(-6). Let m be 3*-2 - o*12/(-4). What is the units digit of (-149)/m - ((-40)/12)/(-5)?
9
Let r(k) = 45*k**2 + 18*k - 33. What is the thousands digit of r(8)?
2
Let j be (-9)/(-2)*(-188)/(-3). Let d(l) = l**2 + 7*l. Let n be d(-7). Suppose -5*g - 4*t = -n*g - j, -g = 3*t - 52. What is the tens digit of g?
5
Suppose 54056 = 4*o - 3*w + 4*w, -5*o + 67570 = -2*w. What is the tens digit of o?
1
Suppose -158*v + 162*v = 3*l + 57867, 5*l = -2*v + 28901. What is the thousands digit of v?
4
Let q = 366 - 975. Let h = -99 - q. What is the tens digit of h?
1
Let w(u) be the first derivative of 1709*u**2/2 - 12*u + 228. What is the units digit of w(1)?
7
Suppose 35*r - 31*r = 3*x - 142863, 0 = 5*x - r - 238122. What is the hundreds digit of x?
6
Suppose 8*y - 16461 = -5*l + 6*y, 3*y = l - 3299. What is the hundreds digit of l?
2
Suppose 6*c + 108 = 846. Suppose 2*p - c = 11. Suppose -4*h - p = 4*w - 859, w = h + 206. What is the hundreds digit of w?
2
Let i = -12030 + 19942. What is the hundreds digit of i?
9
Let v(m) = 12 + 7 - 60*m - 96. What is the units digit of v(-15)?
3
Let x(q) = 93*q**2 - 4*q + 16. Let y be x(4). Let h = y - 1013. What is the units digit of h?
5
Let y = -178 - -114. Let a = -32 - y. What is the units digit of (a/(-6))/(((-5)/21)/5)?
2
Let s(g) = 13*g**3 + g**2 - 176*g + 1981. What is the ten thousands digit of s(14)?
3
Suppose 0 = -17*s + 19*s. Suppose s = -6*a - 78 - 132. What is the units digit of (-5)/(-7) - 1 - 535/a?
5
Let h = -351 + 1079. What is the tens digit of h?
2
Suppose 61*m = 556*m - 27225990. What is the hundreds digit of m?
0
Let g(w) = 2*w**2 + 133*w - 1863. What is the units digit of g(39)?
6
Let f(m) = 4*m**2 + 2*m - 71. What is the units digit of f(37)?
9
Suppose 0 = -3*j + 3*i + 82635, -154*j - 27557 = -155*j + 3*i. What is the ten thousands digit of j?
2
Let r = -90 + 90. Suppose 332 = m + m + 2*u, r = -m + 5*u + 178. Suppose 2*l + l - m = 0. What is the units digit of l?
6
Let c be (-1533)/(-315) - -2*(-2)/(-30). Suppose 424 = a + c*o, -2*o = -3*a + 523 + 800. What is the tens digit of a?
3
Suppose y + 3*f - 10 = -0*y, -5*f = 5*y - 30. Suppose y*o - 912 = 416. What is the units digit of o?
2
Let u(n) = -n**2 - n + 1. Let o(g) = -19*g**2 - 4*g - 19. Let f(l) = -o(l) + 4*u(l). What is the tens digit of f(4)?
6
Suppose -4*v + 2460 = 4*o - 7*o, v = -3*o + 615. What is the units digit of v?
5
Let c be (-8 + 2)/((-4)/620). Let y be c/190 - 2/(-19). Suppose -y*r = k - 179, -4*r - k + 160 = 4*k. What is the units digit of r?
5
Let h = 72411 + -42643. What is the hundreds digit of h?
7
Let i = -39 - -25. What is the units digit of ((-36)/i)/(12*1/3640)?
0
Let x(n) = 454*n**3 - 20*n**2 + 8*n - 3. What is the hundreds digit of x(2)?
5
Suppose 3*f + 2*o - 47 = 0, -2*f - 2*o + 13 + 15 = 0. Suppose -5*n = -2*h - 2873, -f*n = -23*n + 5*h + 2295. What is the hundreds digit of n?
5
Let m(q) = q**3 - 2*q**2 + 9*q - 13. Let g be m(3). Suppose g*i - 6049 = 230. What is the tens digit of i?
7
What is the units digit of (-44 - 1216)/(10/(-105))?
0
Let k(x) = x + 1. Let y be k(1). Let j be (-323)/(-57) - y/3. Suppose j*b - 4*z - 199 - 241 = 0, 3*b - 5*z = 264. What is the units digit of b?
8
Let c = -22456 - -39405. What is the units digit of c?
9
Suppose 153*t + 100104 = 177*t. What is the hundreds digit of t?
1
What is the units digit of 2 + 5352 - (-69 + 64)?
9
Suppose -k + 3*a + 14432 = 0, -5*a = -k + 12515 + 1919. What is the hundreds digit of k?
4
What is the units digit of 2/3 - (599600/(-15))/10?
8
Suppose -22470 = -4*f + f. What is the hundreds digit of f?
4
Suppose -248 = -10*j - 328. What is the hundreds digit of ((-1236)/j)/((-201)/(-48) + -4)?
8
Let t = 2249 + -1938. What is the tens digit of t?
1
Let o(v) = v**3 - 2*v**2 - 3*v + 3. Let x be o(3). Suppose 0*g = -x*g + 15. Suppose 0 = 3*z - k - 191, -3*k + k = g*z - 311. What is the tens digit of z?
6
Let m(x) = -x**3 - 63*x**2 - 3*x - 2403. What is the tens digit of m(-67)?
5
Suppose -5*n + 3*j - 48 = 0, 0 = 3*n - 6*j + j + 16. Let c be (-1 + (-18)/(-10))/(n/1110). Let a = 160 - c. What is the tens digit of a?
3
Suppose 0 = 27*m - 22*m - 5055. What is the thousands digit of (-13)/((-39)/(-12)) + m?
1
Let p be (-14000)/(-30) - 3/(-9). Let m = p + 111. What is the hundreds digit of m?
5
Let b(a) = -a**3 - 6*a**2 - 4*a + 7. Let h be b(-5). Suppose 5*i = -0*r - h*r + 670, 0 = 3*i + 12. What is the tens digit of r?
4
Let t be -21 + (-749)/(-35) - (-102)/(-5). Suppose 95 + 193 = -3*o. Let a = t - o. What is the units digit of a?
6
Let h be (-46)/(-10) + (-72)/120. What is the units digit of 1*(h/18 - 450/(-162))?
3
Suppose 11*u - 8*u - 8364 = -